{"id":53,"date":"2023-05-31T11:29:56","date_gmt":"2023-05-31T10:29:56","guid":{"rendered":"http:\/\/www.tutor.64.cz\/?page_id=53"},"modified":"2023-05-31T11:31:18","modified_gmt":"2023-05-31T10:31:18","slug":"reference","status":"publish","type":"page","link":"http:\/\/www.tutor.64.cz\/index.php\/reference\/","title":{"rendered":"Reference"},"content":{"rendered":"\n<p>Zde najdete reference na proveden\u00e9 projekty.<\/p>\n\n\n\n<p>EZS ve Vrahovic\u00edch ve stylu ochrany B\u00edl\u00e9ho domu<\/p>\n","protected":false},"excerpt":{"rendered":"<p>Zde najdete reference na proveden\u00e9 projekty. EZS ve Vrahovic\u00edch ve stylu ochrany B\u00edl\u00e9ho domu<\/p>\n","protected":false},"author":2,"featured_media":0,"parent":0,"menu_order":0,"comment_status":"closed","ping_status":"closed","template":"","meta":{"footnotes":""},"class_list":["post-53","page","type-page","status-publish","hentry"],"_links":{"self":[{"href":"http:\/\/www.tutor.64.cz\/index.php\/wp-json\/wp\/v2\/pages\/53","targetHints":{"allow":["GET"]}}],"collection":[{"href":"http:\/\/www.tutor.64.cz\/index.php\/wp-json\/wp\/v2\/pages"}],"about":[{"href":"http:\/\/www.tutor.64.cz\/index.php\/wp-json\/wp\/v2\/types\/page"}],"author":[{"embeddable":true,"href":"http:\/\/www.tutor.64.cz\/index.php\/wp-json\/wp\/v2\/users\/2"}],"replies":[{"embeddable":true,"href":"http:\/\/www.tutor.64.cz\/index.php\/wp-json\/wp\/v2\/comments?post=53"}],"version-history":[{"count":2,"href":"http:\/\/www.tutor.64.cz\/index.php\/wp-json\/wp\/v2\/pages\/53\/revisions"}],"predecessor-version":[{"id":55,"href":"http:\/\/www.tutor.64.cz\/index.php\/wp-json\/wp\/v2\/pages\/53\/revisions\/55"}],"wp:attachment":[{"href":"http:\/\/www.tutor.64.cz\/index.php\/wp-json\/wp\/v2\/media?parent=53"}],"curies":[{"name":"wp","href":"https:\/\/api.w.org\/{rel}","templated":true}]}}